mon divisor of 26092917 and 5022?
279
Calculate the highest common factor of 978 and 13972197.
489
Calculate the greatest common divisor of 94 and 241285498.
94
Calculate the highest common divisor of 25063 and 24004.
353
Calculate the greatest common factor of 1878219252 and 52.
52
What is the greatest common factor of 576 and 73328064?
192
What is the greatest common divisor of 12915 and 21637791?
2583
What is the greatest common divisor of 10902746 and 2363?
17
Calculate the highest common divisor of 1148613291 and 1505.
301
What is the greatest common factor of 5791268 and 112?
28
Calculate the highest common factor of 169280 and 38400.
320
What is the greatest common divisor of 292454 and 246450?
3286
What is the greatest common divisor of 7392 and 7604289?
231
What is the greatest common factor of 12229 and 23625?
7
Calculate the greatest common factor of 530122500 and 120.
60
Calculate the greatest common divisor of 108982510 and 20.
10
Calculate the greatest common divisor of 1393 and 444765.
199
Calculate the greatest common divisor of 3970784 and 96.
32
Calculate the greatest common factor of 6609577 and 37467.
181
Calculate the highest common factor of 1232 and 705040.
112
What is the highest common factor of 1045960 and 1422?
158
Calculate the highest common divisor of 1513 and 78149.
17
What is the highest common divisor of 12427 and 70043774?
289
What is the highest common factor of 13467604 and 1955?
391
Calculate the highest common divisor of 47289347 and 19.
19
What is the greatest common divisor of 45810 and 6043770?
90
What is the highest common factor of 190 and 60183070?
190
What is the greatest common divisor of 1390 and 80114735?
695
What is the highest common factor of 309 and 288632162?
103
Calculate the highest common factor of 969 and 745959.
57
What is the greatest common divisor of 228102 and 7854?
42
What is the greatest common divisor of 407799822 and 404?
202
Calculate the greatest common factor of 6582531 and 1748.
437
Calculate the highest common factor of 2472 and 206952.
24
Calculate the greatest common divisor of 42232872 and 1320.
264
Calculate the greatest common divisor of 40535729 and 46.
23
What is the highest common divisor of 39270291 and 894?
447
What is the greatest common factor of 5448114 and 5751?
1917
Calculate the greatest common factor of 441 and 47122271.
49
What is the highest common divisor of 3656 and 56632?
8
Calculate the greatest common divisor of 744228 and 4212.
324
Calculate the greatest common divisor of 4046 and 2678158.
14
What is the greatest common factor of 22000 and 4330?
10
What is the greatest common factor of 13027865 and 136?
17
Calculate the highest common factor of 150 and 10347100.
50
Calculate the highest common divisor of 1974469 and 91.
7
What is the highest common divisor of 60248 and 44048819?
7531
Calculate the greatest common factor of 830826 and 707.
101
Calculate the highest common divisor of 216 and 109998300.
12
What is the greatest common divisor of 877427 and 368?
23
Calculate the greatest common factor of 995736549 and 2126.
1063
What is the greatest common factor of 1711 and 173700720?
1711
What is the highest common factor of 20783040 and 465?
15
Calculate the highest common divisor of 4521 and 231297.
33
What is the greatest common factor of 544 and 51221?
17
What is the greatest common factor of 67715 and 67425?
145
What is the highest common divisor of 1480845 and 39005?
1345
What is the highest common divisor of 77949 and 237?
3
Calculate the greatest common divisor of 2727501 and 22701.
483
Calculate the highest common divisor of 510 and 7317378.
102
Calculate the greatest common factor of 8587187 and 7.
7
Calculate the highest common divisor of 73832 and 2753432.
88
What is the highest common divisor of 45904586 and 364?
182
What is the highest common divisor of 10648761 and 5073?
267
What is the highest common factor of 3365 and 151395388?
673
What is the highest common divisor of 595 and 2634135?
35
Calculate the greatest common factor of 47 and 1752189986.
47
Calculate the greatest common factor of 474 and 401509442.
158
Calculate the highest common factor of 198615 and 105.
15
What is the greatest common factor of 5646198 and 78447?
993
Calculate the greatest common divisor of 11856 and 1049750.
494
What is the greatest common factor of 845 and 20987395?
65
Calculate the greatest common divisor of 732 and 2858704.
244
Calculate the highest common divisor of 1520 and 39098428.
76
Calculate the greatest common divisor of 937536 and 114.
114
What is the highest common divisor of 210 and 22586655?
105
What is the highest common divisor of 4029250 and 10366?
142
What is the greatest common divisor of 388 and 8842520?
388
Calculate the highest common divisor of 28 and 49886956.
28
What is the highest common divisor of 154962 and 972?
18
Calculate the highest common divisor of 20966004 and 17700.
708
What is the greatest common factor of 223721040 and 68340?
4020
Calculate the greatest common divisor of 2243884 and 23004.
284
Calculate the highest common factor of 2073040 and 5200.
80
What is the highest common factor of 437 and 119642113?
23
Calculate the highest common divisor of 232311 and 5319099.
633
What is the highest common divisor of 50155 and 19490?
5
Calculate the greatest common divisor of 113186720 and 14640.
4880
Calculate the greatest common factor of 848563653 and 238.
119
Calculate the highest common divisor of 6315051 and 865719.
6711
What is the highest common factor of 77752355 and 1535?
1535
Calculate the highest common divisor of 658060 and 1040.
260
What is the highest common factor of 142679767 and 316?
79
What is the highest common factor of 9914 and 736674641?
4957
What is the highest common divisor of 55141 and 2103934?
67
What is the highest common divisor of 3648 and 8526592?
1216
What is the highest common divisor of 12777 and 191574079?
4259
Calculate the greatest common factor of 756794203 and 11.
11
Calculate the greatest common divisor of 181439928 and 423.
423
Calculate the greatest common factor of 67291 and 595.
7
Calculate the greatest common factor of 454455 and 1215.
45
Calculate the highest common divisor of 37665 and 108135.
1215
What is the highest common factor of 268663437 and 322?
161
Calculate the highest common factor of 8673 and 110740.
49
What is the greatest common factor of 5 and 46050535?
5
What is the highest common divisor of 23672 and 6160?
88
Calculate the highest common factor of 10864 and 19510386.
1358
What is the highest common divisor of 972 and 2369331?
81
Calculate the highest common divisor of 293622 and 11368.
14
Calculate the greatest common factor of 2309534 and 6610.
1322
Calculate the highest common divisor of 26965322 and 1124.
562
Calculate the greatest common factor of 1162789907 and 3062.
1531
Calculate the highest common factor of 40415251 and 303.
101
What is the highest common factor of 6741332 and 52?
52
What is the highest common factor of 29 and 198067709?
29
Calculate the highest common factor of 2700 and 1861080.
60
What is the greatest common factor of 514 and 186166945?
257
Calculate the highest common divisor of 6614829 and 3.
3
Calculate the greatest common divisor of 9 and 20198979.
9
What is the greatest common factor of 16009 and 586?
1
What is the highest common divisor of 10 and 95209364?
2
What is the highest common divisor of 760762 and 21624?
106
Calculate the greatest common factor of 11247442 and 18650.
746
Calculate the highest common divisor of 13032 and 22820661.
1629
What is the greatest common divisor of 278854581 and 5979?
5979
What is the greatest common factor of 22083 and 161509?
433
What is the highest common factor of 8355339 and 27?
27
Calculate the highest common factor of 29145898 and 3382.
178
Calculate the greatest common divisor of 127578026 and 642.
214
Calculate the highest common factor of 48404 and 4076.
4
What is the greatest common factor of 16766 and 4501422?
166
What is the highest common divisor of 140868 and 1476342?
126
Calculate the greatest common factor of 461280 and 13029920.
4960
What is the highest common divisor of 1360 and 499440?
80
Calculate the greatest common factor of 55 and 42790055.
55
Calculate the greatest 